{"id":1703,"date":"2022-07-13T18:47:49","date_gmt":"2022-07-13T18:47:49","guid":{"rendered":"https:\/\/orfeolibre.org\/inicio\/?page_id=1703"},"modified":"2025-03-17T22:37:32","modified_gmt":"2025-03-17T22:37:32","slug":"orfeo-ng-software-de-gestion-documental","status":"publish","type":"page","link":"https:\/\/orfeolibre.org\/inicio\/orfeo-ng-software-de-gestion-documental\/","title":{"rendered":"Orfeo NG &#8211; Nueva Generaci\u00f3n de Software de Gesti\u00f3n Documental"},"content":{"rendered":"\t\t<div data-elementor-type=\"wp-page\" data-elementor-id=\"1703\" class=\"elementor elementor-1703\">\n\t\t\t\t\t\t<section class=\"elementor-section elementor-top-section elementor-element elementor-element-6724e25 elementor-section-boxed elementor-section-height-default elementor-section-height-default\" data-id=\"6724e25\" data-element_type=\"section\" data-e-type=\"section\">\n\t\t\t\t\t\t<div class=\"elementor-container elementor-column-gap-default\">\n\t\t\t\t\t<div class=\"elementor-column elementor-col-100 elementor-top-column elementor-element elementor-element-7a6d82f\" data-id=\"7a6d82f\" data-element_type=\"column\" data-e-type=\"column\">\n\t\t\t<div class=\"elementor-widget-wrap elementor-element-populated\">\n\t\t\t\t\t\t<div class=\"elementor-element elementor-element-fb455dc elementor-widget elementor-widget-image\" data-id=\"fb455dc\" data-element_type=\"widget\" data-e-type=\"widget\" data-widget_type=\"image.default\">\n\t\t\t\t<div class=\"elementor-widget-container\">\n\t\t\t\t\t\t\t\t\t\t\t\t\t\t\t<img decoding=\"async\" width=\"333\" height=\"140\" src=\"https:\/\/orfeolibre.org\/inicio\/wp-content\/uploads\/2022\/07\/orfeo_ng_skinatech.png\" class=\"attachment-large size-large wp-image-1709\" alt=\"Orfeo NG Skinatech\" srcset=\"https:\/\/orfeolibre.org\/inicio\/wp-content\/uploads\/2022\/07\/orfeo_ng_skinatech.png 333w, https:\/\/orfeolibre.org\/inicio\/wp-content\/uploads\/2022\/07\/orfeo_ng_skinatech-300x126.png 300w, https:\/\/orfeolibre.org\/inicio\/wp-content\/uploads\/2022\/07\/orfeo_ng_skinatech-230x97.png 230w\" sizes=\"(max-width: 333px) 100vw, 333px\" \/>\t\t\t\t\t\t\t\t\t\t\t\t\t\t\t<\/div>\n\t\t\t\t<\/div>\n\t\t\t\t\t<\/div>\n\t\t<\/div>\n\t\t\t\t\t<\/div>\n\t\t<\/section>\n\t\t\t\t<section class=\"elementor-section elementor-top-section elementor-element elementor-element-51f1b28 elementor-section-boxed elementor-section-height-default elementor-section-height-default\" data-id=\"51f1b28\" data-element_type=\"section\" data-e-type=\"section\">\n\t\t\t\t\t\t<div class=\"elementor-container elementor-column-gap-default\">\n\t\t\t\t\t<div class=\"elementor-column elementor-col-100 elementor-top-column elementor-element elementor-element-d7a90bf\" data-id=\"d7a90bf\" data-element_type=\"column\" data-e-type=\"column\">\n\t\t\t<div class=\"elementor-widget-wrap elementor-element-populated\">\n\t\t\t\t\t\t<div class=\"elementor-element elementor-element-0ad6a91 elementor-widget elementor-widget-text-editor\" data-id=\"0ad6a91\" data-element_type=\"widget\" data-e-type=\"widget\" data-widget_type=\"text-editor.default\">\n\t\t\t\t<div class=\"elementor-widget-container\">\n\t\t\t\t\t\t\t\t\t<p style=\"text-align: justify;\"><span style=\"color: var(--sydney-text-color);\">Orfeo NG es un software de Gesti\u00f3n Documental escrito por\u00a0<\/span><a href=\"https:\/\/www.skinatech.com\/inicio\/\" target=\"_blank\" rel=\"noopener\">Skina Technologies S.A.S<\/a><span style=\"color: var(--sydney-text-color);\">,\u00a0<\/span><span style=\"color: var(--sydney-text-color);\">con tecnolog\u00edas de punta, que cumple con los\u00a0<\/span><span style=\"color: var(--sydney-text-color);\">requerimientos de la normatividad para el medio Colombiano\u00a0<\/span><span style=\"color: var(--sydney-text-color);\">y Latinoamericano. Est\u00e1 preparado para ser un <a href=\"https:\/\/www.archivogeneral.gov.co\/sites\/default\/files\/Estructura_Web\/3-transp-act\/7-datos-abiertos\/modelo-requisitos.pdf\" target=\"_blank\" rel=\"noopener\">SGDEA<\/a> de la AGN (98%) (<a href=\"https:\/\/orfeolibre.org\/inicio\/wp-content\/uploads\/2025\/03\/cumplimiento_SGDEA_orfeoNG_202503.pdf\" target=\"_blank\" rel=\"noopener\">cumplimiento_SGDEA_orfeoNG_202503<\/a>) que \u00a0cumple, ademas, con \u00a0<\/span><span style=\"color: var(--sydney-text-color);\">una gran parte del est\u00e1ndar <a href=\"http:\/\/www.europa.eu.int\/ispo\/ida\" target=\"_blank\" rel=\"noopener\">MOREQ<\/a> (<a href=\"https:\/\/orfeolibre.org\/inicio\/wp-content\/uploads\/2023\/07\/cumplimiento_MOREQ_orfeoNG_202304-0.9.pdf\" target=\"_blank\" rel=\"noopener\">cumplimiento_MOREQ_orfeoNG_202307<\/a>).\u00a0<\/span><\/p><p style=\"text-align: justify;\">Esta nueva implementaci\u00f3n ofrece seguridad de la informaci\u00f3n e interoperabilidad y\u00a0 conserva toda la funcionalidad del Orfeo tradicional, agregando un sin-n\u00famero de caracter\u00edsticas adicionales, siendo una aplicaci\u00f3n totalmente responsiva y portable, que se puede desplegar en cualquier dispositivo. <a href=\"https:\/\/orfeolibre.org\/inicio\/detalles-de-orfeo-ng-sistema-de-gestion-documental\/\">Leer m\u00e1s&#8230;<\/a><\/p>\t\t\t\t\t\t\t\t<\/div>\n\t\t\t\t<\/div>\n\t\t\t\t\t<\/div>\n\t\t<\/div>\n\t\t\t\t\t<\/div>\n\t\t<\/section>\n\t\t\t\t<section class=\"elementor-section elementor-top-section elementor-element elementor-element-8c19b86 elementor-section-boxed elementor-section-height-default elementor-section-height-default\" data-id=\"8c19b86\" data-element_type=\"section\" data-e-type=\"section\">\n\t\t\t\t\t\t<div class=\"elementor-container elementor-column-gap-default\">\n\t\t\t\t\t<div class=\"elementor-column elementor-col-100 elementor-top-column elementor-element elementor-element-816a76c\" data-id=\"816a76c\" data-element_type=\"column\" data-e-type=\"column\">\n\t\t\t<div class=\"elementor-widget-wrap elementor-element-populated\">\n\t\t\t\t\t\t<div class=\"elementor-element elementor-element-835b1d1 elementor-widget elementor-widget-image\" data-id=\"835b1d1\" data-element_type=\"widget\" data-e-type=\"widget\" data-widget_type=\"image.default\">\n\t\t\t\t<div class=\"elementor-widget-container\">\n\t\t\t\t\t\t\t\t\t\t\t\t\t\t\t\t<a href=\"https:\/\/www.skinatech.com\/inicio\/orfeo-ng\/\">\n\t\t\t\t\t\t\t<img fetchpriority=\"high\" decoding=\"async\" width=\"540\" height=\"314\" src=\"https:\/\/orfeolibre.org\/inicio\/wp-content\/uploads\/2022\/07\/orfeong_inicio_de_sesion.png\" class=\"attachment-large size-large wp-image-1710\" alt=\"Orfeo NG SkinaTech - inicio de sesi\u00f3n\" srcset=\"https:\/\/orfeolibre.org\/inicio\/wp-content\/uploads\/2022\/07\/orfeong_inicio_de_sesion.png 540w, https:\/\/orfeolibre.org\/inicio\/wp-content\/uploads\/2022\/07\/orfeong_inicio_de_sesion-300x174.png 300w, https:\/\/orfeolibre.org\/inicio\/wp-content\/uploads\/2022\/07\/orfeong_inicio_de_sesion-230x134.png 230w, https:\/\/orfeolibre.org\/inicio\/wp-content\/uploads\/2022\/07\/orfeong_inicio_de_sesion-350x204.png 350w, https:\/\/orfeolibre.org\/inicio\/wp-content\/uploads\/2022\/07\/orfeong_inicio_de_sesion-480x279.png 480w\" sizes=\"(max-width: 540px) 100vw, 540px\" \/>\t\t\t\t\t\t\t\t<\/a>\n\t\t\t\t\t\t\t\t\t\t\t\t\t\t\t<\/div>\n\t\t\t\t<\/div>\n\t\t\t\t\t<\/div>\n\t\t<\/div>\n\t\t\t\t\t<\/div>\n\t\t<\/section>\n\t\t\t\t<section class=\"elementor-section elementor-top-section elementor-element elementor-element-1891be9 elementor-section-boxed elementor-section-height-default elementor-section-height-default\" data-id=\"1891be9\" data-element_type=\"section\" data-e-type=\"section\">\n\t\t\t\t\t\t<div class=\"elementor-container elementor-column-gap-default\">\n\t\t\t\t\t<div class=\"elementor-column elementor-col-100 elementor-top-column elementor-element elementor-element-418bd6a\" data-id=\"418bd6a\" data-element_type=\"column\" data-e-type=\"column\">\n\t\t\t<div class=\"elementor-widget-wrap elementor-element-populated\">\n\t\t\t\t\t\t<div class=\"elementor-element elementor-element-8572fcb elementor-widget elementor-widget-image\" data-id=\"8572fcb\" data-element_type=\"widget\" data-e-type=\"widget\" data-widget_type=\"image.default\">\n\t\t\t\t<div class=\"elementor-widget-container\">\n\t\t\t\t\t\t\t\t\t\t\t\t\t\t\t\t<a href=\"https:\/\/orfeong-test.skinatech.com\/orfeo-ng\/\" target=\"_blank\">\n\t\t\t\t\t\t\t<img decoding=\"async\" width=\"400\" height=\"106\" src=\"https:\/\/orfeolibre.org\/inicio\/wp-content\/uploads\/2022\/07\/boton_demo.jpg\" class=\"attachment-large size-large wp-image-1721\" alt=\"demo_orfeo\" srcset=\"https:\/\/orfeolibre.org\/inicio\/wp-content\/uploads\/2022\/07\/boton_demo.jpg 400w, https:\/\/orfeolibre.org\/inicio\/wp-content\/uploads\/2022\/07\/boton_demo-300x80.jpg 300w, https:\/\/orfeolibre.org\/inicio\/wp-content\/uploads\/2022\/07\/boton_demo-230x61.jpg 230w, https:\/\/orfeolibre.org\/inicio\/wp-content\/uploads\/2022\/07\/boton_demo-350x93.jpg 350w\" sizes=\"(max-width: 400px) 100vw, 400px\" \/>\t\t\t\t\t\t\t\t<\/a>\n\t\t\t\t\t\t\t\t\t\t\t\t\t\t\t<\/div>\n\t\t\t\t<\/div>\n\t\t\t\t<div class=\"elementor-element elementor-element-b86d2a8 elementor-widget elementor-widget-text-editor\" data-id=\"b86d2a8\" data-element_type=\"widget\" data-e-type=\"widget\" data-widget_type=\"text-editor.default\">\n\t\t\t\t<div class=\"elementor-widget-container\">\n\t\t\t\t\t\t\t\t\t<p><strong>Usuario<\/strong>: admin \/ <strong>Contrese\u00f1a<\/strong>: admin123&#8211;<\/p><h2 class=\"elementor-heading-title elementor-size-large\">\u00a0<\/h2>\t\t\t\t\t\t\t\t<\/div>\n\t\t\t\t<\/div>\n\t\t\t\t\t<\/div>\n\t\t<\/div>\n\t\t\t\t\t<\/div>\n\t\t<\/section>\n\t\t\t\t<\/div>\n\t\t","protected":false},"excerpt":{"rendered":"<p>Orfeo NG es un software de Gesti\u00f3n Documental escrito por\u00a0Skina Technologies S.A.S,\u00a0con tecnolog\u00edas de punta, que cumple con los\u00a0requerimientos de la normatividad para el medio Colombiano\u00a0y Latinoamericano. Est\u00e1 preparado para ser un SGDEA de la [&hellip;]<\/p>\n","protected":false},"author":4,"featured_media":0,"parent":0,"menu_order":0,"comment_status":"closed","ping_status":"closed","template":"","meta":{"footnotes":""},"class_list":["post-1703","page","type-page","status-publish","hentry"],"yoast_head":"<!-- This site is optimized with the Yoast SEO plugin v27.2 - https:\/\/yoast.com\/product\/yoast-seo-wordpress\/ -->\n<title>Orfeo NG - Nueva Generaci\u00f3n de Software de Gesti\u00f3n Documental - Orfeo SGDEA - Gesti\u00f3n Documental<\/title>\n<meta name=\"description\" content=\"Orfeo NG es un software de gesti\u00f3n documental reescrito tecnol\u00f3gicamente por Skina Technologies S.A.S que cumple con la normatividad y con las mejores pr\u00e1cticas de desarrollo de software, es un aplicativo moderno, web y portable.\" \/>\n<meta name=\"robots\" content=\"index, follow, max-snippet:-1, max-image-preview:large, max-video-preview:-1\" \/>\n<link rel=\"canonical\" href=\"https:\/\/orfeolibre.org\/inicio\/orfeo-ng-software-de-gestion-documental\/\" \/>\n<meta property=\"og:locale\" content=\"es_ES\" \/>\n<meta property=\"og:type\" content=\"article\" \/>\n<meta property=\"og:title\" content=\"Orfeo NG - Nueva Generaci\u00f3n de Software de Gesti\u00f3n Documental - Orfeo SGDEA - Gesti\u00f3n Documental\" \/>\n<meta property=\"og:description\" content=\"Orfeo NG es un software de gesti\u00f3n documental reescrito tecnol\u00f3gicamente por Skina Technologies S.A.S que cumple con la normatividad y con las mejores pr\u00e1cticas de desarrollo de software, es un aplicativo moderno, web y portable.\" \/>\n<meta property=\"og:url\" content=\"https:\/\/orfeolibre.org\/inicio\/orfeo-ng-software-de-gestion-documental\/\" \/>\n<meta property=\"og:site_name\" content=\"Orfeo SGDEA - Gesti\u00f3n Documental\" \/>\n<meta property=\"article:modified_time\" content=\"2025-03-17T22:37:32+00:00\" \/>\n<meta property=\"og:image\" content=\"https:\/\/orfeolibre.org\/inicio\/wp-content\/uploads\/2022\/07\/orfeo_ng_skinatech.png\" \/>\n\t<meta property=\"og:image:width\" content=\"333\" \/>\n\t<meta property=\"og:image:height\" content=\"140\" \/>\n\t<meta property=\"og:image:type\" content=\"image\/png\" \/>\n<meta name=\"twitter:card\" content=\"summary_large_image\" \/>\n<meta name=\"twitter:label1\" content=\"Tiempo de lectura\" \/>\n\t<meta name=\"twitter:data1\" content=\"2 minutos\" \/>\n<script type=\"application\/ld+json\" class=\"yoast-schema-graph\">{\"@context\":\"https:\/\/schema.org\",\"@graph\":[{\"@type\":\"WebPage\",\"@id\":\"https:\/\/orfeolibre.org\/inicio\/orfeo-ng-software-de-gestion-documental\/\",\"url\":\"https:\/\/orfeolibre.org\/inicio\/orfeo-ng-software-de-gestion-documental\/\",\"name\":\"Orfeo NG - Nueva Generaci\u00f3n de Software de Gesti\u00f3n Documental - Orfeo SGDEA - Gesti\u00f3n Documental\",\"isPartOf\":{\"@id\":\"https:\/\/orfeolibre.org\/inicio\/#website\"},\"primaryImageOfPage\":{\"@id\":\"https:\/\/orfeolibre.org\/inicio\/orfeo-ng-software-de-gestion-documental\/#primaryimage\"},\"image\":{\"@id\":\"https:\/\/orfeolibre.org\/inicio\/orfeo-ng-software-de-gestion-documental\/#primaryimage\"},\"thumbnailUrl\":\"https:\/\/orfeolibre.org\/inicio\/wp-content\/uploads\/2022\/07\/orfeo_ng_skinatech.png\",\"datePublished\":\"2022-07-13T18:47:49+00:00\",\"dateModified\":\"2025-03-17T22:37:32+00:00\",\"description\":\"Orfeo NG es un software de gesti\u00f3n documental reescrito tecnol\u00f3gicamente por Skina Technologies S.A.S que cumple con la normatividad y con las mejores pr\u00e1cticas de desarrollo de software, es un aplicativo moderno, web y portable.\",\"breadcrumb\":{\"@id\":\"https:\/\/orfeolibre.org\/inicio\/orfeo-ng-software-de-gestion-documental\/#breadcrumb\"},\"inLanguage\":\"es\",\"potentialAction\":[{\"@type\":\"ReadAction\",\"target\":[\"https:\/\/orfeolibre.org\/inicio\/orfeo-ng-software-de-gestion-documental\/\"]}]},{\"@type\":\"ImageObject\",\"inLanguage\":\"es\",\"@id\":\"https:\/\/orfeolibre.org\/inicio\/orfeo-ng-software-de-gestion-documental\/#primaryimage\",\"url\":\"https:\/\/orfeolibre.org\/inicio\/wp-content\/uploads\/2022\/07\/orfeo_ng_skinatech.png\",\"contentUrl\":\"https:\/\/orfeolibre.org\/inicio\/wp-content\/uploads\/2022\/07\/orfeo_ng_skinatech.png\",\"width\":333,\"height\":140,\"caption\":\"Orfeo NG Skinatech\"},{\"@type\":\"BreadcrumbList\",\"@id\":\"https:\/\/orfeolibre.org\/inicio\/orfeo-ng-software-de-gestion-documental\/#breadcrumb\",\"itemListElement\":[{\"@type\":\"ListItem\",\"position\":1,\"name\":\"Portada\",\"item\":\"https:\/\/orfeolibre.org\/inicio\/\"},{\"@type\":\"ListItem\",\"position\":2,\"name\":\"Orfeo NG &#8211; Nueva Generaci\u00f3n de Software de Gesti\u00f3n Documental\"}]},{\"@type\":\"WebSite\",\"@id\":\"https:\/\/orfeolibre.org\/inicio\/#website\",\"url\":\"https:\/\/orfeolibre.org\/inicio\/\",\"name\":\"Orfeo SGDEA - Gesti\u00f3n Documental\",\"description\":\"Sistema de Gesti\u00f3n Documental de Archivo Electr\u00f3nico\",\"potentialAction\":[{\"@type\":\"SearchAction\",\"target\":{\"@type\":\"EntryPoint\",\"urlTemplate\":\"https:\/\/orfeolibre.org\/inicio\/?s={search_term_string}\"},\"query-input\":{\"@type\":\"PropertyValueSpecification\",\"valueRequired\":true,\"valueName\":\"search_term_string\"}}],\"inLanguage\":\"es\"}]}<\/script>\n<!-- \/ Yoast SEO plugin. -->","yoast_head_json":{"title":"Orfeo NG - Nueva Generaci\u00f3n de Software de Gesti\u00f3n Documental - Orfeo SGDEA - Gesti\u00f3n Documental","description":"Orfeo NG es un software de gesti\u00f3n documental reescrito tecnol\u00f3gicamente por Skina Technologies S.A.S que cumple con la normatividad y con las mejores pr\u00e1cticas de desarrollo de software, es un aplicativo moderno, web y portable.","robots":{"index":"index","follow":"follow","max-snippet":"max-snippet:-1","max-image-preview":"max-image-preview:large","max-video-preview":"max-video-preview:-1"},"canonical":"https:\/\/orfeolibre.org\/inicio\/orfeo-ng-software-de-gestion-documental\/","og_locale":"es_ES","og_type":"article","og_title":"Orfeo NG - Nueva Generaci\u00f3n de Software de Gesti\u00f3n Documental - Orfeo SGDEA - Gesti\u00f3n Documental","og_description":"Orfeo NG es un software de gesti\u00f3n documental reescrito tecnol\u00f3gicamente por Skina Technologies S.A.S que cumple con la normatividad y con las mejores pr\u00e1cticas de desarrollo de software, es un aplicativo moderno, web y portable.","og_url":"https:\/\/orfeolibre.org\/inicio\/orfeo-ng-software-de-gestion-documental\/","og_site_name":"Orfeo SGDEA - Gesti\u00f3n Documental","article_modified_time":"2025-03-17T22:37:32+00:00","og_image":[{"width":333,"height":140,"url":"https:\/\/orfeolibre.org\/inicio\/wp-content\/uploads\/2022\/07\/orfeo_ng_skinatech.png","type":"image\/png"}],"twitter_card":"summary_large_image","twitter_misc":{"Tiempo de lectura":"2 minutos"},"schema":{"@context":"https:\/\/schema.org","@graph":[{"@type":"WebPage","@id":"https:\/\/orfeolibre.org\/inicio\/orfeo-ng-software-de-gestion-documental\/","url":"https:\/\/orfeolibre.org\/inicio\/orfeo-ng-software-de-gestion-documental\/","name":"Orfeo NG - Nueva Generaci\u00f3n de Software de Gesti\u00f3n Documental - Orfeo SGDEA - Gesti\u00f3n Documental","isPartOf":{"@id":"https:\/\/orfeolibre.org\/inicio\/#website"},"primaryImageOfPage":{"@id":"https:\/\/orfeolibre.org\/inicio\/orfeo-ng-software-de-gestion-documental\/#primaryimage"},"image":{"@id":"https:\/\/orfeolibre.org\/inicio\/orfeo-ng-software-de-gestion-documental\/#primaryimage"},"thumbnailUrl":"https:\/\/orfeolibre.org\/inicio\/wp-content\/uploads\/2022\/07\/orfeo_ng_skinatech.png","datePublished":"2022-07-13T18:47:49+00:00","dateModified":"2025-03-17T22:37:32+00:00","description":"Orfeo NG es un software de gesti\u00f3n documental reescrito tecnol\u00f3gicamente por Skina Technologies S.A.S que cumple con la normatividad y con las mejores pr\u00e1cticas de desarrollo de software, es un aplicativo moderno, web y portable.","breadcrumb":{"@id":"https:\/\/orfeolibre.org\/inicio\/orfeo-ng-software-de-gestion-documental\/#breadcrumb"},"inLanguage":"es","potentialAction":[{"@type":"ReadAction","target":["https:\/\/orfeolibre.org\/inicio\/orfeo-ng-software-de-gestion-documental\/"]}]},{"@type":"ImageObject","inLanguage":"es","@id":"https:\/\/orfeolibre.org\/inicio\/orfeo-ng-software-de-gestion-documental\/#primaryimage","url":"https:\/\/orfeolibre.org\/inicio\/wp-content\/uploads\/2022\/07\/orfeo_ng_skinatech.png","contentUrl":"https:\/\/orfeolibre.org\/inicio\/wp-content\/uploads\/2022\/07\/orfeo_ng_skinatech.png","width":333,"height":140,"caption":"Orfeo NG Skinatech"},{"@type":"BreadcrumbList","@id":"https:\/\/orfeolibre.org\/inicio\/orfeo-ng-software-de-gestion-documental\/#breadcrumb","itemListElement":[{"@type":"ListItem","position":1,"name":"Portada","item":"https:\/\/orfeolibre.org\/inicio\/"},{"@type":"ListItem","position":2,"name":"Orfeo NG &#8211; Nueva Generaci\u00f3n de Software de Gesti\u00f3n Documental"}]},{"@type":"WebSite","@id":"https:\/\/orfeolibre.org\/inicio\/#website","url":"https:\/\/orfeolibre.org\/inicio\/","name":"Orfeo SGDEA - Gesti\u00f3n Documental","description":"Sistema de Gesti\u00f3n Documental de Archivo Electr\u00f3nico","potentialAction":[{"@type":"SearchAction","target":{"@type":"EntryPoint","urlTemplate":"https:\/\/orfeolibre.org\/inicio\/?s={search_term_string}"},"query-input":{"@type":"PropertyValueSpecification","valueRequired":true,"valueName":"search_term_string"}}],"inLanguage":"es"}]}},"_links":{"self":[{"href":"https:\/\/orfeolibre.org\/inicio\/wp-json\/wp\/v2\/pages\/1703","targetHints":{"allow":["GET"]}}],"collection":[{"href":"https:\/\/orfeolibre.org\/inicio\/wp-json\/wp\/v2\/pages"}],"about":[{"href":"https:\/\/orfeolibre.org\/inicio\/wp-json\/wp\/v2\/types\/page"}],"author":[{"embeddable":true,"href":"https:\/\/orfeolibre.org\/inicio\/wp-json\/wp\/v2\/users\/4"}],"replies":[{"embeddable":true,"href":"https:\/\/orfeolibre.org\/inicio\/wp-json\/wp\/v2\/comments?post=1703"}],"version-history":[{"count":70,"href":"https:\/\/orfeolibre.org\/inicio\/wp-json\/wp\/v2\/pages\/1703\/revisions"}],"predecessor-version":[{"id":6568,"href":"https:\/\/orfeolibre.org\/inicio\/wp-json\/wp\/v2\/pages\/1703\/revisions\/6568"}],"wp:attachment":[{"href":"https:\/\/orfeolibre.org\/inicio\/wp-json\/wp\/v2\/media?parent=1703"}],"curies":[{"name":"wp","href":"https:\/\/api.w.org\/{rel}","templated":true}]}}