{"id":2448,"date":"2023-01-13T02:39:27","date_gmt":"2023-01-13T02:39:27","guid":{"rendered":"https:\/\/orfeolibre.org\/inicio\/forum\/"},"modified":"2023-01-17T18:52:42","modified_gmt":"2023-01-17T18:52:42","slug":"soporte","status":"publish","type":"page","link":"https:\/\/orfeolibre.org\/inicio\/soporte\/","title":{"rendered":"Soporte"},"content":{"rendered":"<div id=\"af-wrapper\"><div id=\"forum-header\"><div id=\"forum-navigation-mobile\"><a><span class=\"fas fa-bars\"><\/span>Men\u00fa<\/a><\/div><span class=\"screen-reader-text\">Forum Navigation<\/span><div id=\"forum-navigation\"><a class=\"home-link\" href=\"https:\/\/orfeolibre.org\/inicio\/ayuda\" target=\"_self\">Foro<\/a><a class=\"activity-link\" href=\"https:\/\/orfeolibre.org\/inicio\/ayuda\/activity\/\" target=\"_self\">Actividad<\/a><\/div><div id=\"forum-search\"><span class=\"search-icon fas fa-search\"><\/span><form method=\"get\" action=\"https:\/\/orfeolibre.org\/inicio\/ayuda\/search\/\"><input name=\"keywords\" type=\"search\" placeholder=\"Buscar ...\" value=\"\"><\/form><\/div><div class=\"clear\"><\/div><\/div><div id=\"forum-breadcrumbs\" itemscope itemtype=\"http:\/\/schema.org\/BreadcrumbList\"><span class=\"screen-reader-text\">Forum breadcrumbs - You are here:<\/span><span class=\"breadcrumb-icon fas fa-home\"><\/span><span itemprop=\"itemListElement\" itemscope itemtype=\"https:\/\/schema.org\/ListItem\"><a itemprop=\"item\" href=\"https:\/\/orfeolibre.org\/inicio\/ayuda\" title=\"Foro de Soporte de Orfeolibre\"><span itemprop=\"name\">Foro de Soporte de Orfeolibre<\/span><\/a><meta itemprop=\"position\" content=\"1\"><\/span><span class=\"breadcrumb-icon fas fa-chevron-right separator\"><\/span><\/div><h1 class=\"main-title main-title-\">Foro de Soporte de Orfeolibre<\/h1><div class=\"title-element\" id=\"forum-category-24\">Orfeo NG<span class=\"last-post-headline\">\u00daltima publicaci\u00f3n<\/span><\/div><div class=\"content-container\"><div class=\"content-element forum\" id=\"forum-3\"><div class=\"forum-status unread\"><i class=\"fa-solid fa-bell\"><\/i><\/div><div class=\"forum-name\"><a class=\"forum-title\" href=\"https:\/\/orfeolibre.org\/inicio\/ayuda\/forum\/funcionalidad\/\">Anuncios<\/a><small class=\"forum-description\">Ultimas noticias y anuncios acerca de Orfeo NG<\/small><small class=\"forum-stats\">93 debates&nbsp;&middot;&nbsp;110 publicaciones<\/small><small class=\"forum-lastpost-small\">\u00daltima entrada:&nbsp;<a href=\"https:\/\/orfeolibre.org\/inicio\/ayuda\/topic\/why-kick-the-buddy-is-a-fun-way-to-experience-a-game\/#postid-1200\">Why Kick the Buddy Is a Fun Way to &#8230;<\/a>&nbsp;&middot;&nbsp;<a href=\"https:\/\/orfeolibre.org\/inicio\/ayuda\/topic\/why-kick-the-buddy-is-a-fun-way-to-experience-a-game\/#postid-1200\">hace 1 semana<\/a>&nbsp;&middot;&nbsp;<a class=\"profile-link highlight-default\" href=\"https:\/\/orfeolibre.org\/inicio\/ayuda\/profile\/giyr33\/\">giyr33<\/a><\/small><\/div><div class=\"forum-poster\"><div class=\"forum-poster-avatar\"><img alt='' src='https:\/\/secure.gravatar.com\/avatar\/48cffde0e2a1e56fe2d98301078462ec95593d6ca6c5b02fc79a73ffaa48a64f?s=40&#038;d=mm&#038;r=g' srcset='https:\/\/secure.gravatar.com\/avatar\/48cffde0e2a1e56fe2d98301078462ec95593d6ca6c5b02fc79a73ffaa48a64f?s=80&#038;d=mm&#038;r=g 2x' class='avatar avatar-40 photo' height='40' width='40' \/><\/div><div class=\"forum-poster-summary\"><a href=\"https:\/\/orfeolibre.org\/inicio\/ayuda\/topic\/why-kick-the-buddy-is-a-fun-way-to-experience-a-game\/#postid-1200\">Why Kick the Buddy Is a F &#8230;<\/a><br><small><a href=\"https:\/\/orfeolibre.org\/inicio\/ayuda\/topic\/why-kick-the-buddy-is-a-fun-way-to-experience-a-game\/#postid-1200\">hace 1 semana<\/a><span>&nbsp;&middot;&nbsp;<\/span><a class=\"profile-link highlight-default\" href=\"https:\/\/orfeolibre.org\/inicio\/ayuda\/profile\/giyr33\/\">giyr33<\/a><\/small><\/div><\/div><\/div><div class=\"content-element forum\" id=\"forum-6\"><div class=\"forum-status unread\"><i class=\"fa-solid fa-comment\"><\/i><\/div><div class=\"forum-name\"><a class=\"forum-title\" href=\"https:\/\/orfeolibre.org\/inicio\/ayuda\/forum\/discusiones-generales\/\">Discusiones Generales<\/a><small class=\"forum-description\">Discusiones de Orfeo NG que no son soporte<\/small><small class=\"forum-stats\">465 debates&nbsp;&middot;&nbsp;643 publicaciones<\/small><small class=\"forum-lastpost-small\">\u00daltima entrada:&nbsp;<a href=\"https:\/\/orfeolibre.org\/inicio\/ayuda\/topic\/how-does-naishi-trunnion-mounted-ball-valve-factory-control-production-quality\/#postid-1241\">How Does Naishi Trunnion Mounted B &#8230;<\/a>&nbsp;&middot;&nbsp;<a href=\"https:\/\/orfeolibre.org\/inicio\/ayuda\/topic\/how-does-naishi-trunnion-mounted-ball-valve-factory-control-production-quality\/#postid-1241\">hace 5 horas<\/a>&nbsp;&middot;&nbsp;<a class=\"profile-link highlight-default\" href=\"https:\/\/orfeolibre.org\/inicio\/ayuda\/profile\/figasaf758\/\">figasaf758<\/a><\/small><\/div><div class=\"forum-poster\"><div class=\"forum-poster-avatar\"><img alt='' src='https:\/\/secure.gravatar.com\/avatar\/9532c3bf1f08026aa8a3a08d9d390f791a3711ff29248fd03e9ea0f8cc6eb157?s=40&#038;d=mm&#038;r=g' srcset='https:\/\/secure.gravatar.com\/avatar\/9532c3bf1f08026aa8a3a08d9d390f791a3711ff29248fd03e9ea0f8cc6eb157?s=80&#038;d=mm&#038;r=g 2x' class='avatar avatar-40 photo' height='40' width='40' \/><\/div><div class=\"forum-poster-summary\"><a href=\"https:\/\/orfeolibre.org\/inicio\/ayuda\/topic\/how-does-naishi-trunnion-mounted-ball-valve-factory-control-production-quality\/#postid-1241\">How Does Naishi Trunnion  &#8230;<\/a><br><small><a href=\"https:\/\/orfeolibre.org\/inicio\/ayuda\/topic\/how-does-naishi-trunnion-mounted-ball-valve-factory-control-production-quality\/#postid-1241\">hace 5 horas<\/a><span>&nbsp;&middot;&nbsp;<\/span><a class=\"profile-link highlight-default\" href=\"https:\/\/orfeolibre.org\/inicio\/ayuda\/profile\/figasaf758\/\">figasaf758<\/a><\/small><\/div><\/div><\/div><div class=\"content-element forum\" id=\"forum-7\"><div class=\"forum-status unread\"><i class=\"fa-solid fa-hand-point-up\"><\/i><\/div><div class=\"forum-name\"><a class=\"forum-title\" href=\"https:\/\/orfeolibre.org\/inicio\/ayuda\/forum\/soporte\/\">Soporte<\/a><small class=\"forum-description\">El sitio correcto si tienen problemas o preguntas de Orfeo NG<\/small><small class=\"forum-stats\">279 debates&nbsp;&middot;&nbsp;345 publicaciones<\/small><small class=\"forum-lastpost-small\">\u00daltima entrada:&nbsp;<a href=\"https:\/\/orfeolibre.org\/inicio\/ayuda\/topic\/how-to-chill-out-with-a-classic-browser-game-papas-freezeria\/#postid-1239\">How to Chill Out With a Classic Br &#8230;<\/a>&nbsp;&middot;&nbsp;<a href=\"https:\/\/orfeolibre.org\/inicio\/ayuda\/topic\/how-to-chill-out-with-a-classic-browser-game-papas-freezeria\/#postid-1239\">hace 9 horas<\/a>&nbsp;&middot;&nbsp;<a class=\"profile-link highlight-default\" href=\"https:\/\/orfeolibre.org\/inicio\/ayuda\/profile\/poppyca\/\">Poppyca<\/a><\/small><\/div><div class=\"forum-poster\"><div class=\"forum-poster-avatar\"><img alt='' src='https:\/\/secure.gravatar.com\/avatar\/04e28bd47eeb14adf355488628898c2c09e63285155b92a488a59db1fcf9cd13?s=40&#038;d=mm&#038;r=g' srcset='https:\/\/secure.gravatar.com\/avatar\/04e28bd47eeb14adf355488628898c2c09e63285155b92a488a59db1fcf9cd13?s=80&#038;d=mm&#038;r=g 2x' class='avatar avatar-40 photo' height='40' width='40' \/><\/div><div class=\"forum-poster-summary\"><a href=\"https:\/\/orfeolibre.org\/inicio\/ayuda\/topic\/how-to-chill-out-with-a-classic-browser-game-papas-freezeria\/#postid-1239\">How to Chill Out With a C &#8230;<\/a><br><small><a href=\"https:\/\/orfeolibre.org\/inicio\/ayuda\/topic\/how-to-chill-out-with-a-classic-browser-game-papas-freezeria\/#postid-1239\">hace 9 horas<\/a><span>&nbsp;&middot;&nbsp;<\/span><a class=\"profile-link highlight-default\" href=\"https:\/\/orfeolibre.org\/inicio\/ayuda\/profile\/poppyca\/\">Poppyca<\/a><\/small><\/div><\/div><\/div><div class=\"content-element forum\" id=\"forum-8\"><div class=\"forum-status unread\"><i class=\"fa-solid fa-puzzle-piece\"><\/i><\/div><div class=\"forum-name\"><a class=\"forum-title\" href=\"https:\/\/orfeolibre.org\/inicio\/ayuda\/forum\/add-ons-plugins-complementos-integraciones\/\">Add-ons - Plugins - Complementos - Integraciones<\/a><small class=\"forum-description\">Publicar las adiciones o trabajos con Orfeo NG<\/small><small class=\"forum-stats\">8 debates&nbsp;&middot;&nbsp;9 publicaciones<\/small><small class=\"forum-lastpost-small\">\u00daltima entrada:&nbsp;<a href=\"https:\/\/orfeolibre.org\/inicio\/ayuda\/topic\/16-maryland-soccer-avid-gamers-make-all-substantial-10-honors\/#postid-1183\">16 Maryland soccer avid gamers mak &#8230;<\/a>&nbsp;&middot;&nbsp;<a href=\"https:\/\/orfeolibre.org\/inicio\/ayuda\/topic\/16-maryland-soccer-avid-gamers-make-all-substantial-10-honors\/#postid-1183\">hace 2 semanas<\/a>&nbsp;&middot;&nbsp;<a class=\"profile-link highlight-default\" href=\"https:\/\/orfeolibre.org\/inicio\/ayuda\/profile\/giyr33\/\">giyr33<\/a><\/small><\/div><div class=\"forum-poster\"><div class=\"forum-poster-avatar\"><img alt='' src='https:\/\/secure.gravatar.com\/avatar\/48cffde0e2a1e56fe2d98301078462ec95593d6ca6c5b02fc79a73ffaa48a64f?s=40&#038;d=mm&#038;r=g' srcset='https:\/\/secure.gravatar.com\/avatar\/48cffde0e2a1e56fe2d98301078462ec95593d6ca6c5b02fc79a73ffaa48a64f?s=80&#038;d=mm&#038;r=g 2x' class='avatar avatar-40 photo' height='40' width='40' \/><\/div><div class=\"forum-poster-summary\"><a href=\"https:\/\/orfeolibre.org\/inicio\/ayuda\/topic\/16-maryland-soccer-avid-gamers-make-all-substantial-10-honors\/#postid-1183\">16 Maryland soccer avid g &#8230;<\/a><br><small><a href=\"https:\/\/orfeolibre.org\/inicio\/ayuda\/topic\/16-maryland-soccer-avid-gamers-make-all-substantial-10-honors\/#postid-1183\">hace 2 semanas<\/a><span>&nbsp;&middot;&nbsp;<\/span><a class=\"profile-link highlight-default\" href=\"https:\/\/orfeolibre.org\/inicio\/ayuda\/profile\/giyr33\/\">giyr33<\/a><\/small><\/div><\/div><\/div><div class=\"content-element forum\" id=\"forum-9\"><div class=\"forum-status unread\"><i class=\"fa-solid fa-truck-fast\"><\/i><\/div><div class=\"forum-name\"><a class=\"forum-title\" href=\"https:\/\/orfeolibre.org\/inicio\/ayuda\/forum\/vitrina\/\">Vitrina<\/a><small class=\"forum-description\">Lugar para mostrar implementaciones de Orfeo NG<\/small><small class=\"forum-stats\">16 debates&nbsp;&middot;&nbsp;22 publicaciones<\/small><small class=\"forum-lastpost-small\">\u00daltima entrada:&nbsp;<a href=\"https:\/\/orfeolibre.org\/inicio\/ayuda\/topic\/geometry-dash-just-touch-and-jump\/#postid-1228\">Geometry Dash: Just Touch and Jump &#8230;<\/a>&nbsp;&middot;&nbsp;<a href=\"https:\/\/orfeolibre.org\/inicio\/ayuda\/topic\/geometry-dash-just-touch-and-jump\/#postid-1228\">hace 3 d\u00edas<\/a>&nbsp;&middot;&nbsp;<a class=\"profile-link highlight-default\" href=\"https:\/\/orfeolibre.org\/inicio\/ayuda\/profile\/aaliyaler\/\">aaliyaler<\/a><\/small><\/div><div class=\"forum-poster\"><div class=\"forum-poster-avatar\"><img alt='' src='https:\/\/secure.gravatar.com\/avatar\/f4db2937e8761530f2d91d5c895794eaec6254d885cbf713bcf77cae6a8106ae?s=40&#038;d=mm&#038;r=g' srcset='https:\/\/secure.gravatar.com\/avatar\/f4db2937e8761530f2d91d5c895794eaec6254d885cbf713bcf77cae6a8106ae?s=80&#038;d=mm&#038;r=g 2x' class='avatar avatar-40 photo' height='40' width='40' \/><\/div><div class=\"forum-poster-summary\"><a href=\"https:\/\/orfeolibre.org\/inicio\/ayuda\/topic\/geometry-dash-just-touch-and-jump\/#postid-1228\">Geometry Dash: Just Touch &#8230;<\/a><br><small><a href=\"https:\/\/orfeolibre.org\/inicio\/ayuda\/topic\/geometry-dash-just-touch-and-jump\/#postid-1228\">hace 3 d\u00edas<\/a><span>&nbsp;&middot;&nbsp;<\/span><a class=\"profile-link highlight-default\" href=\"https:\/\/orfeolibre.org\/inicio\/ayuda\/profile\/aaliyaler\/\">aaliyaler<\/a><\/small><\/div><\/div><\/div><\/div><div class=\"title-element\" id=\"forum-category-23\">Orfeo SGD<span class=\"last-post-headline\">\u00daltima publicaci\u00f3n<\/span><\/div><div class=\"content-container\"><div class=\"content-element forum\" id=\"forum-5\"><div class=\"forum-status unread\"><i class=\"fa-solid fa-bell\"><\/i><\/div><div class=\"forum-name\"><a class=\"forum-title\" href=\"https:\/\/orfeolibre.org\/inicio\/ayuda\/forum\/funcionalidad-2\/\">Anuncios<\/a><small class=\"forum-description\">Ultimas noticias y anuncios acerca de Orfeo SGD Tradicional<\/small><small class=\"forum-stats\">7 debates&nbsp;&middot;&nbsp;13 publicaciones<\/small><small class=\"forum-lastpost-small\">\u00daltima entrada:&nbsp;<a href=\"https:\/\/orfeolibre.org\/inicio\/ayuda\/topic\/what-mistaken-with-drew-doughty-and-how-do-we-repair-service-him\/#postid-1172\">What Mistaken with Drew Doughty an &#8230;<\/a>&nbsp;&middot;&nbsp;<a href=\"https:\/\/orfeolibre.org\/inicio\/ayuda\/topic\/what-mistaken-with-drew-doughty-and-how-do-we-repair-service-him\/#postid-1172\">hace 3 semanas<\/a>&nbsp;&middot;&nbsp;<a class=\"profile-link highlight-default\" href=\"https:\/\/orfeolibre.org\/inicio\/ayuda\/profile\/linnchinnn\/\">linnchinnn<\/a><\/small><\/div><div class=\"forum-poster\"><div class=\"forum-poster-avatar\"><img alt='' src='https:\/\/secure.gravatar.com\/avatar\/1fcbebaaa2812a0c17c9811ff0328483275991cc56a8500644afaa7e8c6c04a1?s=40&#038;d=mm&#038;r=g' srcset='https:\/\/secure.gravatar.com\/avatar\/1fcbebaaa2812a0c17c9811ff0328483275991cc56a8500644afaa7e8c6c04a1?s=80&#038;d=mm&#038;r=g 2x' class='avatar avatar-40 photo' height='40' width='40' \/><\/div><div class=\"forum-poster-summary\"><a href=\"https:\/\/orfeolibre.org\/inicio\/ayuda\/topic\/what-mistaken-with-drew-doughty-and-how-do-we-repair-service-him\/#postid-1172\">What Mistaken with Drew D &#8230;<\/a><br><small><a href=\"https:\/\/orfeolibre.org\/inicio\/ayuda\/topic\/what-mistaken-with-drew-doughty-and-how-do-we-repair-service-him\/#postid-1172\">hace 3 semanas<\/a><span>&nbsp;&middot;&nbsp;<\/span><a class=\"profile-link highlight-default\" href=\"https:\/\/orfeolibre.org\/inicio\/ayuda\/profile\/linnchinnn\/\">linnchinnn<\/a><\/small><\/div><\/div><\/div><div class=\"content-element forum\" id=\"forum-10\"><div class=\"forum-status unread\"><i class=\"fa-solid fa-comment\"><\/i><\/div><div class=\"forum-name\"><a class=\"forum-title\" href=\"https:\/\/orfeolibre.org\/inicio\/ayuda\/forum\/discusiones-generales-2\/\">Discusiones Generales<\/a><small class=\"forum-description\">Discusiones de Orfeo NG que no son soporte<\/small><small class=\"forum-stats\">57 debates&nbsp;&middot;&nbsp;79 publicaciones<\/small><small class=\"forum-lastpost-small\">\u00daltima entrada:&nbsp;<a href=\"https:\/\/orfeolibre.org\/inicio\/ayuda\/topic\/is-it-possible-to-scale-vps-resources-easily-when-using-virtualmin\/#postid-1225\">Is it possible to scale VPS resour &#8230;<\/a>&nbsp;&middot;&nbsp;<a href=\"https:\/\/orfeolibre.org\/inicio\/ayuda\/topic\/is-it-possible-to-scale-vps-resources-easily-when-using-virtualmin\/#postid-1225\">hace 3 d\u00edas<\/a>&nbsp;&middot;&nbsp;Usuario borrado<\/small><\/div><div class=\"forum-poster\"><div class=\"forum-poster-avatar\"><img alt='' src='https:\/\/secure.gravatar.com\/avatar\/?s=40&#038;d=mm&#038;r=g' srcset='https:\/\/secure.gravatar.com\/avatar\/?s=80&#038;d=mm&#038;r=g 2x' class='avatar avatar-40 photo avatar-default' height='40' width='40' \/><\/div><div class=\"forum-poster-summary\"><a href=\"https:\/\/orfeolibre.org\/inicio\/ayuda\/topic\/is-it-possible-to-scale-vps-resources-easily-when-using-virtualmin\/#postid-1225\">Is it possible to scale V &#8230;<\/a><br><small><a href=\"https:\/\/orfeolibre.org\/inicio\/ayuda\/topic\/is-it-possible-to-scale-vps-resources-easily-when-using-virtualmin\/#postid-1225\">hace 3 d\u00edas<\/a><span>&nbsp;&middot;&nbsp;<\/span>Usuario borrado<\/small><\/div><\/div><\/div><div class=\"content-element forum\" id=\"forum-11\"><div class=\"forum-status unread\"><i class=\"fa-solid fa-hand-point-up\"><\/i><\/div><div class=\"forum-name\"><a class=\"forum-title\" href=\"https:\/\/orfeolibre.org\/inicio\/ayuda\/forum\/soporte-2\/\">Soporte<\/a><small class=\"forum-description\">El sitio correcto si tienen problemas o preguntas de Orfeo SGD Tradicional<\/small><small class=\"forum-stats\">6 debates&nbsp;&middot;&nbsp;9 publicaciones<\/small><small class=\"forum-lastpost-small\">\u00daltima entrada:&nbsp;<a href=\"https:\/\/orfeolibre.org\/inicio\/ayuda\/topic\/ravens-2024-exercising-camp-working-day-6-observations-lamar-jackson-potential-customers-td-commitment-within-4th-quarter-drill\/#postid-1060\">Ravens 2024 exercising camp Workin &#8230;<\/a>&nbsp;&middot;&nbsp;<a href=\"https:\/\/orfeolibre.org\/inicio\/ayuda\/topic\/ravens-2024-exercising-camp-working-day-6-observations-lamar-jackson-potential-customers-td-commitment-within-4th-quarter-drill\/#postid-1060\">hace 1 mes<\/a>&nbsp;&middot;&nbsp;<a class=\"profile-link highlight-default\" href=\"https:\/\/orfeolibre.org\/inicio\/ayuda\/profile\/linnchinnn\/\">linnchinnn<\/a><\/small><\/div><div class=\"forum-poster\"><div class=\"forum-poster-avatar\"><img alt='' src='https:\/\/secure.gravatar.com\/avatar\/1fcbebaaa2812a0c17c9811ff0328483275991cc56a8500644afaa7e8c6c04a1?s=40&#038;d=mm&#038;r=g' srcset='https:\/\/secure.gravatar.com\/avatar\/1fcbebaaa2812a0c17c9811ff0328483275991cc56a8500644afaa7e8c6c04a1?s=80&#038;d=mm&#038;r=g 2x' class='avatar avatar-40 photo' height='40' width='40' \/><\/div><div class=\"forum-poster-summary\"><a href=\"https:\/\/orfeolibre.org\/inicio\/ayuda\/topic\/ravens-2024-exercising-camp-working-day-6-observations-lamar-jackson-potential-customers-td-commitment-within-4th-quarter-drill\/#postid-1060\">Ravens 2024 exercising ca &#8230;<\/a><br><small><a href=\"https:\/\/orfeolibre.org\/inicio\/ayuda\/topic\/ravens-2024-exercising-camp-working-day-6-observations-lamar-jackson-potential-customers-td-commitment-within-4th-quarter-drill\/#postid-1060\">hace 1 mes<\/a><span>&nbsp;&middot;&nbsp;<\/span><a class=\"profile-link highlight-default\" href=\"https:\/\/orfeolibre.org\/inicio\/ayuda\/profile\/linnchinnn\/\">linnchinnn<\/a><\/small><\/div><\/div><\/div><div class=\"content-element forum\" id=\"forum-12\"><div class=\"forum-status read\"><i class=\"fa-solid fa-puzzle-piece\"><\/i><\/div><div class=\"forum-name\"><a class=\"forum-title\" href=\"https:\/\/orfeolibre.org\/inicio\/ayuda\/forum\/add-ons-plugins-complementos-integraciones-2\/\">Add-ons - Plugins - Complementos - Integraciones<\/a><small class=\"forum-description\">Publicar las adiciones o trabajos con Orfeo NG<\/small><small class=\"forum-stats\">0 debates&nbsp;&middot;&nbsp;0 publicaciones<\/small><small class=\"forum-lastpost-small\"><small class=\"no-topics\">\u00a1Sin temas todav\u00eda!<\/small><\/small><\/div><div class=\"forum-poster\"><small class=\"no-topics\">\u00a1Sin temas todav\u00eda!<\/small><\/div><\/div><div class=\"content-element forum\" id=\"forum-13\"><div class=\"forum-status read\"><i class=\"fa-solid fa-truck-fast\"><\/i><\/div><div class=\"forum-name\"><a class=\"forum-title\" href=\"https:\/\/orfeolibre.org\/inicio\/ayuda\/forum\/vitrina-2\/\">Vitrina<\/a><small class=\"forum-description\">Lugar para mostrar implementaciones de Orfeo SGD Tradicional<\/small><small class=\"forum-stats\">0 debates&nbsp;&middot;&nbsp;0 publicaciones<\/small><small class=\"forum-lastpost-small\"><small class=\"no-topics\">\u00a1Sin temas todav\u00eda!<\/small><\/small><\/div><div class=\"forum-poster\"><small class=\"no-topics\">\u00a1Sin temas todav\u00eda!<\/small><\/div><\/div><\/div><div id=\"read-unread\"><span class=\"indicator unread\"><\/span><span class=\"indicator-label\">Nuevas publicaciones<\/span><span class=\"indicator read\"><\/span><span class=\"indicator-label\">Nada nuevo<\/span><span class=\"indicator-label\"><span class=\"fas fa-check\"><\/span><a href=\"https:\/\/orfeolibre.org\/inicio\/ayuda\/markallread\/?_wpnonce=9c0e766827\">Marcar todo como le\u00eddo<\/a><\/span><span class=\"indicator-label\"><span class=\"fas fa-history\"><\/span><a href=\"https:\/\/orfeolibre.org\/inicio\/ayuda\/unread\/\">Mostrar los debates sin leer<\/a><\/span><div class=\"clear\"><\/div><\/div><div id=\"statistics\"><div class=\"title-element title-element-dark\"><span class=\"title-element-icon fas fa-chart-pie\"><\/span>Estad\u00edsticas<\/div><div id=\"statistics-body\"><div id=\"statistics-elements\"><div class=\"statistics-element\"><div class=\"element-number\"><span class=\"statistics-element-icon far fa-comments\"><\/span>931<\/div><div class=\"element-name\">Debates<\/div><\/div><div class=\"statistics-element\"><div class=\"element-number\"><span class=\"statistics-element-icon far fa-comment\"><\/span>1.230<\/div><div class=\"element-name\">Publicaciones<\/div><\/div><div class=\"statistics-element\"><div class=\"element-number\"><span class=\"statistics-element-icon far fa-eye\"><\/span>350.040<\/div><div class=\"element-name\">Vistas<\/div><\/div><div class=\"statistics-element\"><div class=\"element-number\"><span class=\"statistics-element-icon far fa-user\"><\/span>8.027<\/div><div class=\"element-name\">Usuarios<\/div><\/div><div class=\"statistics-element\"><div class=\"element-number\"><span class=\"statistics-element-icon far fa-lightbulb\"><\/span>0<\/div><div class=\"element-name\">Conectados<\/div><\/div><\/div><div id=\"statistics-online-users\"><span class=\"online-users-icon fas fa-user\"><\/span>\u00daltimo miembro:&nbsp;<i><a class=\"profile-link highlight-default\" href=\"https:\/\/orfeolibre.org\/inicio\/ayuda\/profile\/medspillz\/\">Medspillz<\/a><\/i>&nbsp;&middot;&nbsp;<span class=\"online-users-icon fas fa-users\"><\/span><i>Actualmente nadie est\u00e1 en l\u00ednea.<\/i><\/div><\/div><div class=\"clear\"><\/div><\/div><div id=\"bottom-navigation\"><\/div><div class=\"clear\"><\/div><\/div>\n","protected":false},"excerpt":{"rendered":"","protected":false},"author":2,"featured_media":0,"parent":0,"menu_order":0,"comment_status":"closed","ping_status":"closed","template":"","meta":{"footnotes":""},"class_list":["post-2448","page","type-page","status-publish","hentry"],"yoast_head":"<!-- This site is optimized with the Yoast SEO plugin v27.4 - https:\/\/yoast.com\/product\/yoast-seo-wordpress\/ -->\n<title>Soporte - Orfeo SGDEA - Gesti\u00f3n Documental<\/title>\n<meta name=\"robots\" content=\"index, follow, max-snippet:-1, max-image-preview:large, max-video-preview:-1\" \/>\n<link rel=\"canonical\" href=\"https:\/\/orfeolibre.org\/inicio\/soporte\/\" \/>\n<meta property=\"og:locale\" content=\"es_ES\" \/>\n<meta property=\"og:type\" content=\"article\" \/>\n<meta property=\"og:title\" content=\"Soporte - Orfeo SGDEA - Gesti\u00f3n Documental\" \/>\n<meta property=\"og:url\" content=\"https:\/\/orfeolibre.org\/inicio\/soporte\/\" \/>\n<meta property=\"og:site_name\" content=\"Orfeo SGDEA - Gesti\u00f3n Documental\" \/>\n<meta property=\"article:modified_time\" content=\"2023-01-17T18:52:42+00:00\" \/>\n<meta name=\"twitter:card\" content=\"summary_large_image\" \/>\n<meta name=\"twitter:label1\" content=\"Tiempo de lectura\" \/>\n\t<meta name=\"twitter:data1\" content=\"1 minuto\" \/>\n<script type=\"application\/ld+json\" class=\"yoast-schema-graph\">{\"@context\":\"https:\\\/\\\/schema.org\",\"@graph\":[{\"@type\":\"WebPage\",\"@id\":\"https:\\\/\\\/orfeolibre.org\\\/inicio\\\/soporte\\\/\",\"url\":\"https:\\\/\\\/orfeolibre.org\\\/inicio\\\/soporte\\\/\",\"name\":\"Soporte - Orfeo SGDEA - Gesti\u00f3n Documental\",\"isPartOf\":{\"@id\":\"https:\\\/\\\/orfeolibre.org\\\/inicio\\\/#website\"},\"datePublished\":\"2023-01-13T02:39:27+00:00\",\"dateModified\":\"2023-01-17T18:52:42+00:00\",\"breadcrumb\":{\"@id\":\"https:\\\/\\\/orfeolibre.org\\\/inicio\\\/soporte\\\/#breadcrumb\"},\"inLanguage\":\"es\",\"potentialAction\":[{\"@type\":\"ReadAction\",\"target\":[\"https:\\\/\\\/orfeolibre.org\\\/inicio\\\/soporte\\\/\"]}]},{\"@type\":\"BreadcrumbList\",\"@id\":\"https:\\\/\\\/orfeolibre.org\\\/inicio\\\/soporte\\\/#breadcrumb\",\"itemListElement\":[{\"@type\":\"ListItem\",\"position\":1,\"name\":\"Portada\",\"item\":\"https:\\\/\\\/orfeolibre.org\\\/inicio\\\/\"},{\"@type\":\"ListItem\",\"position\":2,\"name\":\"Soporte\"}]},{\"@type\":\"WebSite\",\"@id\":\"https:\\\/\\\/orfeolibre.org\\\/inicio\\\/#website\",\"url\":\"https:\\\/\\\/orfeolibre.org\\\/inicio\\\/\",\"name\":\"Orfeo SGDEA - Gesti\u00f3n Documental\",\"description\":\"Sistema de Gesti\u00f3n Documental de Archivo Electr\u00f3nico\",\"potentialAction\":[{\"@type\":\"SearchAction\",\"target\":{\"@type\":\"EntryPoint\",\"urlTemplate\":\"https:\\\/\\\/orfeolibre.org\\\/inicio\\\/?s={search_term_string}\"},\"query-input\":{\"@type\":\"PropertyValueSpecification\",\"valueRequired\":true,\"valueName\":\"search_term_string\"}}],\"inLanguage\":\"es\"}]}<\/script>\n<!-- \/ Yoast SEO plugin. -->","yoast_head_json":{"title":"Soporte - Orfeo SGDEA - Gesti\u00f3n Documental","robots":{"index":"index","follow":"follow","max-snippet":"max-snippet:-1","max-image-preview":"max-image-preview:large","max-video-preview":"max-video-preview:-1"},"canonical":"https:\/\/orfeolibre.org\/inicio\/soporte\/","og_locale":"es_ES","og_type":"article","og_title":"Soporte - Orfeo SGDEA - Gesti\u00f3n Documental","og_url":"https:\/\/orfeolibre.org\/inicio\/soporte\/","og_site_name":"Orfeo SGDEA - Gesti\u00f3n Documental","article_modified_time":"2023-01-17T18:52:42+00:00","twitter_card":"summary_large_image","twitter_misc":{"Tiempo de lectura":"1 minuto"},"schema":{"@context":"https:\/\/schema.org","@graph":[{"@type":"WebPage","@id":"https:\/\/orfeolibre.org\/inicio\/soporte\/","url":"https:\/\/orfeolibre.org\/inicio\/soporte\/","name":"Soporte - Orfeo SGDEA - Gesti\u00f3n Documental","isPartOf":{"@id":"https:\/\/orfeolibre.org\/inicio\/#website"},"datePublished":"2023-01-13T02:39:27+00:00","dateModified":"2023-01-17T18:52:42+00:00","breadcrumb":{"@id":"https:\/\/orfeolibre.org\/inicio\/soporte\/#breadcrumb"},"inLanguage":"es","potentialAction":[{"@type":"ReadAction","target":["https:\/\/orfeolibre.org\/inicio\/soporte\/"]}]},{"@type":"BreadcrumbList","@id":"https:\/\/orfeolibre.org\/inicio\/soporte\/#breadcrumb","itemListElement":[{"@type":"ListItem","position":1,"name":"Portada","item":"https:\/\/orfeolibre.org\/inicio\/"},{"@type":"ListItem","position":2,"name":"Soporte"}]},{"@type":"WebSite","@id":"https:\/\/orfeolibre.org\/inicio\/#website","url":"https:\/\/orfeolibre.org\/inicio\/","name":"Orfeo SGDEA - Gesti\u00f3n Documental","description":"Sistema de Gesti\u00f3n Documental de Archivo Electr\u00f3nico","potentialAction":[{"@type":"SearchAction","target":{"@type":"EntryPoint","urlTemplate":"https:\/\/orfeolibre.org\/inicio\/?s={search_term_string}"},"query-input":{"@type":"PropertyValueSpecification","valueRequired":true,"valueName":"search_term_string"}}],"inLanguage":"es"}]}},"_links":{"self":[{"href":"https:\/\/orfeolibre.org\/inicio\/wp-json\/wp\/v2\/pages\/2448","targetHints":{"allow":["GET"]}}],"collection":[{"href":"https:\/\/orfeolibre.org\/inicio\/wp-json\/wp\/v2\/pages"}],"about":[{"href":"https:\/\/orfeolibre.org\/inicio\/wp-json\/wp\/v2\/types\/page"}],"author":[{"embeddable":true,"href":"https:\/\/orfeolibre.org\/inicio\/wp-json\/wp\/v2\/users\/2"}],"replies":[{"embeddable":true,"href":"https:\/\/orfeolibre.org\/inicio\/wp-json\/wp\/v2\/comments?post=2448"}],"version-history":[{"count":2,"href":"https:\/\/orfeolibre.org\/inicio\/wp-json\/wp\/v2\/pages\/2448\/revisions"}],"predecessor-version":[{"id":2454,"href":"https:\/\/orfeolibre.org\/inicio\/wp-json\/wp\/v2\/pages\/2448\/revisions\/2454"}],"wp:attachment":[{"href":"https:\/\/orfeolibre.org\/inicio\/wp-json\/wp\/v2\/media?parent=2448"}],"curies":[{"name":"wp","href":"https:\/\/api.w.org\/{rel}","templated":true}]}}