{"id":556,"date":"2019-11-08T18:25:48","date_gmt":"2019-11-08T18:25:48","guid":{"rendered":"http:\/\/orfeolibre.org\/inicio\/?page_id=556"},"modified":"2020-01-29T17:06:12","modified_gmt":"2020-01-29T17:06:12","slug":"skinascan","status":"publish","type":"page","link":"https:\/\/orfeolibre.org\/inicio\/skinascan\/","title":{"rendered":"SkinaScan"},"content":{"rendered":"<p style=\"text-align: justify;\">SkinaScan es un PPE (Programa de Punto de Entrada), alternativo a OrfeoScan, construido por SkinaTech, con el fin de suplir necesidades propias y de sus clientes y lo entrega a la comunidad como Freeware.<\/p>\n<h4 style=\"text-align: justify;\">\u00bfSkinaScan respeta la licencia GPL de Orfeo?<\/h4>\n<p style=\"text-align: justify;\">Si. No hay ninguna violaci\u00f3n de licencia. Cuando la licencia GNU\/GPL se refiere a un \u00abtrabajo derivado\u00bb habla de c\u00f3digo compartido y\/o basado del c\u00f3digo original protegido. SkinaScan no es ni lo uno ni lo otro.<\/p>\n<p style=\"text-align: justify;\">SkinaScan es exclusivamente es una herramienta complementaria a un software GPL. Hay muchos ejemplos como este: los clientes para Windows de Hylafax, PostgreSQL o MySQL est\u00e1n en el mismo grupo: clientes para aplicativos GPL y no hay ning\u00fan conflicto con esto.<\/p>\n<h4 style=\"text-align: justify;\">\u00bfPor qu\u00e9 lo llaman PPE y no digitalizador?<\/h4>\n<p style=\"text-align: justify;\">Para <a href=\"http:\/\/www.skinatech.com\">SkinaTech<\/a> el programa SkinaScan es m\u00e1s que un simple digitalizador es un <strong>P<\/strong>rograma de <strong>P<\/strong>unto de <strong>E<\/strong>ntrada, que dentro de sus funciones se encuentra digitalizar documentos.<\/p>\n<p style=\"text-align: justify;\">Dentro de las funciones adicionales a digitalizar se encuentran:<\/p>\n<ul style=\"text-align: justify;\">\n<li>Impresi\u00f3n de etiquetas<\/li>\n<li>Lectura de c\u00f3digo de barras<\/li>\n<li>Transmisi\u00f3n de imagenes por ftp o ssh<\/li>\n<li>Administraci\u00f3n de repositorio<\/li>\n<li>Radicaci\u00f3n de Documentos<\/li>\n<\/ul>\n<h4 style=\"text-align: justify;\">\u00bfQu\u00e9 es SkinaScan PPE?<\/h4>\n<p style=\"text-align: justify;\"><b>SkinaScan<\/b> es un PPE (Programa de Punto de Entrada), alternativo a <strong>OrfeoScan<\/strong>, construido por\u00a0<a href=\"http:\/\/www.skinatech.com\/\">SkinaTech<\/a>, con el fin de suplir necesidades no satisfechas por <b>OrfeoScan<\/b> ni su grupo de soporte. Su versi\u00f3n actual cuenta entre sus muchas caracter\u00edsticas:<\/p>\n<ul style=\"text-align: justify;\">\n<li>Hecho con alt\u00edsimos est\u00e1ndares calidad en desarrollo de software.<\/li>\n<li>No necesita software adicional (Los OCX de Imagine requeridos por OrfeoScan son ilegales sin licenciamiento explicito de KODAK)<\/li>\n<li>Configuraci\u00f3n general mas amigable<\/li>\n<li>No requiere configuraci\u00f3n de bajo nivel para la impresi\u00f3n correcta de stickers.<\/li>\n<li>Dise\u00f1o de seguridad que no permite la manipulaci\u00f3n de im\u00e1genes.<\/li>\n<li>Permite adici\u00f3n de cualquier tipo de archivo a los radicados<\/li>\n<li>Permite Ftp activo o Pasivo en configuraci\u00f3n<\/li>\n<\/ul>\n<p style=\"text-align: justify;\">Esta aplicaci\u00f3n fue construida en <b>VisualBasic .Net 2003<\/b> y est\u00e1 distribuida con licencia <a href=\"http:\/\/karlospg1.blogspot.es\/1196212380\/\">freeware<\/a> para la comunidad de Orfeo.<\/p>\n<h4 style=\"text-align: justify;\">\u00bfSkinaScan deber\u00eda ser GPL?<\/h4>\n<p style=\"text-align: justify;\"><strong>SkinaScan<\/strong> es distribuido por <strong>SkinaTech<\/strong> bajo licencia freeware i.e. Ud. es libre de usarlo y distribuirlo sin ninguna restricci\u00f3n, pero el c\u00f3digo fuente no est\u00e1 disponible y no puede ser alterado.<\/p>\n<p style=\"text-align: justify;\">SkinaScan es exclusivamente una herramienta complementaria a un software GPL, que es muy diferente a un c\u00f3digo derivado de un fuente GPL. En el mundo del software libre hay muchos ejemplos como este:\u00a0 los clientes para Windows de Hylafax, PostgreSQL o MySQL est\u00e1n en el mismo grupo y son considerados como apoyo para la difusi\u00f3n de una herramienta de software libre sin entrar en conflicto con su filosof\u00eda o su licenciamiento.<\/p>\n<p style=\"text-align: justify;\">Si quiere leer m\u00e1s de los diferentes tipos de licenciamiento vea <a href=\"http:\/\/help.freshmeat.net\/faqs\/licensing\/what-are-all-the-different-license-types\">http:\/\/help.freshmeat.net\/faqs\/licensing\/what-are-all-the-different-license-types<\/a><\/p>\n","protected":false},"excerpt":{"rendered":"<p>SkinaScan es un PPE (Programa de Punto de Entrada), alternativo a OrfeoScan, construido por SkinaTech, con el fin de suplir necesidades propias y de sus clientes y lo entrega a la comunidad como Freeware. \u00bfSkinaScan [&hellip;]<\/p>\n","protected":false},"author":4,"featured_media":0,"parent":0,"menu_order":0,"comment_status":"closed","ping_status":"closed","template":"","meta":{"footnotes":""},"class_list":["post-556","page","type-page","status-publish","hentry"],"yoast_head":"<!-- This site is optimized with the Yoast SEO plugin v27.2 - https:\/\/yoast.com\/product\/yoast-seo-wordpress\/ -->\n<title>SkinaScan - Orfeo SGDEA - Gesti\u00f3n Documental<\/title>\n<meta name=\"robots\" content=\"index, follow, max-snippet:-1, max-image-preview:large, max-video-preview:-1\" \/>\n<link rel=\"canonical\" href=\"https:\/\/orfeolibre.org\/inicio\/skinascan\/\" \/>\n<meta property=\"og:locale\" content=\"es_ES\" \/>\n<meta property=\"og:type\" content=\"article\" \/>\n<meta property=\"og:title\" content=\"SkinaScan - Orfeo SGDEA - Gesti\u00f3n Documental\" \/>\n<meta property=\"og:description\" content=\"SkinaScan es un PPE (Programa de Punto de Entrada), alternativo a OrfeoScan, construido por SkinaTech, con el fin de suplir necesidades propias y de sus clientes y lo entrega a la comunidad como Freeware. \u00bfSkinaScan [&hellip;]\" \/>\n<meta property=\"og:url\" content=\"https:\/\/orfeolibre.org\/inicio\/skinascan\/\" \/>\n<meta property=\"og:site_name\" content=\"Orfeo SGDEA - Gesti\u00f3n Documental\" \/>\n<meta property=\"article:modified_time\" content=\"2020-01-29T17:06:12+00:00\" \/>\n<meta name=\"twitter:card\" content=\"summary_large_image\" \/>\n<meta name=\"twitter:label1\" content=\"Tiempo de lectura\" \/>\n\t<meta name=\"twitter:data1\" content=\"2 minutos\" \/>\n<script type=\"application\/ld+json\" class=\"yoast-schema-graph\">{\"@context\":\"https:\/\/schema.org\",\"@graph\":[{\"@type\":\"WebPage\",\"@id\":\"https:\/\/orfeolibre.org\/inicio\/skinascan\/\",\"url\":\"https:\/\/orfeolibre.org\/inicio\/skinascan\/\",\"name\":\"SkinaScan - Orfeo SGDEA - Gesti\u00f3n Documental\",\"isPartOf\":{\"@id\":\"https:\/\/orfeolibre.org\/inicio\/#website\"},\"datePublished\":\"2019-11-08T18:25:48+00:00\",\"dateModified\":\"2020-01-29T17:06:12+00:00\",\"breadcrumb\":{\"@id\":\"https:\/\/orfeolibre.org\/inicio\/skinascan\/#breadcrumb\"},\"inLanguage\":\"es\",\"potentialAction\":[{\"@type\":\"ReadAction\",\"target\":[\"https:\/\/orfeolibre.org\/inicio\/skinascan\/\"]}]},{\"@type\":\"BreadcrumbList\",\"@id\":\"https:\/\/orfeolibre.org\/inicio\/skinascan\/#breadcrumb\",\"itemListElement\":[{\"@type\":\"ListItem\",\"position\":1,\"name\":\"Portada\",\"item\":\"https:\/\/orfeolibre.org\/inicio\/\"},{\"@type\":\"ListItem\",\"position\":2,\"name\":\"SkinaScan\"}]},{\"@type\":\"WebSite\",\"@id\":\"https:\/\/orfeolibre.org\/inicio\/#website\",\"url\":\"https:\/\/orfeolibre.org\/inicio\/\",\"name\":\"Orfeo SGDEA - Gesti\u00f3n Documental\",\"description\":\"Sistema de Gesti\u00f3n Documental de Archivo Electr\u00f3nico\",\"potentialAction\":[{\"@type\":\"SearchAction\",\"target\":{\"@type\":\"EntryPoint\",\"urlTemplate\":\"https:\/\/orfeolibre.org\/inicio\/?s={search_term_string}\"},\"query-input\":{\"@type\":\"PropertyValueSpecification\",\"valueRequired\":true,\"valueName\":\"search_term_string\"}}],\"inLanguage\":\"es\"}]}<\/script>\n<!-- \/ Yoast SEO plugin. -->","yoast_head_json":{"title":"SkinaScan - Orfeo SGDEA - Gesti\u00f3n Documental","robots":{"index":"index","follow":"follow","max-snippet":"max-snippet:-1","max-image-preview":"max-image-preview:large","max-video-preview":"max-video-preview:-1"},"canonical":"https:\/\/orfeolibre.org\/inicio\/skinascan\/","og_locale":"es_ES","og_type":"article","og_title":"SkinaScan - Orfeo SGDEA - Gesti\u00f3n Documental","og_description":"SkinaScan es un PPE (Programa de Punto de Entrada), alternativo a OrfeoScan, construido por SkinaTech, con el fin de suplir necesidades propias y de sus clientes y lo entrega a la comunidad como Freeware. \u00bfSkinaScan [&hellip;]","og_url":"https:\/\/orfeolibre.org\/inicio\/skinascan\/","og_site_name":"Orfeo SGDEA - Gesti\u00f3n Documental","article_modified_time":"2020-01-29T17:06:12+00:00","twitter_card":"summary_large_image","twitter_misc":{"Tiempo de lectura":"2 minutos"},"schema":{"@context":"https:\/\/schema.org","@graph":[{"@type":"WebPage","@id":"https:\/\/orfeolibre.org\/inicio\/skinascan\/","url":"https:\/\/orfeolibre.org\/inicio\/skinascan\/","name":"SkinaScan - Orfeo SGDEA - Gesti\u00f3n Documental","isPartOf":{"@id":"https:\/\/orfeolibre.org\/inicio\/#website"},"datePublished":"2019-11-08T18:25:48+00:00","dateModified":"2020-01-29T17:06:12+00:00","breadcrumb":{"@id":"https:\/\/orfeolibre.org\/inicio\/skinascan\/#breadcrumb"},"inLanguage":"es","potentialAction":[{"@type":"ReadAction","target":["https:\/\/orfeolibre.org\/inicio\/skinascan\/"]}]},{"@type":"BreadcrumbList","@id":"https:\/\/orfeolibre.org\/inicio\/skinascan\/#breadcrumb","itemListElement":[{"@type":"ListItem","position":1,"name":"Portada","item":"https:\/\/orfeolibre.org\/inicio\/"},{"@type":"ListItem","position":2,"name":"SkinaScan"}]},{"@type":"WebSite","@id":"https:\/\/orfeolibre.org\/inicio\/#website","url":"https:\/\/orfeolibre.org\/inicio\/","name":"Orfeo SGDEA - Gesti\u00f3n Documental","description":"Sistema de Gesti\u00f3n Documental de Archivo Electr\u00f3nico","potentialAction":[{"@type":"SearchAction","target":{"@type":"EntryPoint","urlTemplate":"https:\/\/orfeolibre.org\/inicio\/?s={search_term_string}"},"query-input":{"@type":"PropertyValueSpecification","valueRequired":true,"valueName":"search_term_string"}}],"inLanguage":"es"}]}},"_links":{"self":[{"href":"https:\/\/orfeolibre.org\/inicio\/wp-json\/wp\/v2\/pages\/556","targetHints":{"allow":["GET"]}}],"collection":[{"href":"https:\/\/orfeolibre.org\/inicio\/wp-json\/wp\/v2\/pages"}],"about":[{"href":"https:\/\/orfeolibre.org\/inicio\/wp-json\/wp\/v2\/types\/page"}],"author":[{"embeddable":true,"href":"https:\/\/orfeolibre.org\/inicio\/wp-json\/wp\/v2\/users\/4"}],"replies":[{"embeddable":true,"href":"https:\/\/orfeolibre.org\/inicio\/wp-json\/wp\/v2\/comments?post=556"}],"version-history":[{"count":4,"href":"https:\/\/orfeolibre.org\/inicio\/wp-json\/wp\/v2\/pages\/556\/revisions"}],"predecessor-version":[{"id":1164,"href":"https:\/\/orfeolibre.org\/inicio\/wp-json\/wp\/v2\/pages\/556\/revisions\/1164"}],"wp:attachment":[{"href":"https:\/\/orfeolibre.org\/inicio\/wp-json\/wp\/v2\/media?parent=556"}],"curies":[{"name":"wp","href":"https:\/\/api.w.org\/{rel}","templated":true}]}}